99877 is divided by 2588.
2565
Calculate the remainder when 4360723 is divided by 5344.
19
Calculate the remainder when 20253 is divided by 1543.
194
Calculate the remainder when 191142 is divided by 222.
0
Calculate the remainder when 3895737 is divided by 49.
41
What is the remainder when 15477 is divided by 5155?
12
Calculate the remainder when 1364792 is divided by 4173.
221
What is the remainder when 54301 is divided by 147?
58
Calculate the remainder when 4402993 is divided by 713.
218
Calculate the remainder when 780111 is divided by 7501.
7
What is the remainder when 92116 is divided by 698?
678
Calculate the remainder when 16853150 is divided by 254.
250
What is the remainder when 507685 is divided by 31712?
293
What is the remainder when 80251 is divided by 8023?
21
What is the remainder when 54060202 is divided by 38395?
42
Calculate the remainder when 36728 is divided by 70.
48
What is the remainder when 4670435 is divided by 58380?
35
What is the remainder when 379716947 is divided by 1222?
1221
Calculate the remainder when 172498 is divided by 3382.
16
Calculate the remainder when 52205425 is divided by 34.
23
What is the remainder when 44580157 is divided by 384?
61
What is the remainder when 2497086 is divided by 306?
126
Calculate the remainder when 82348266 is divided by 703831.
39
What is the remainder when 440191 is divided by 166?
125
What is the remainder when 3471031 is divided by 157774?
3
What is the remainder when 166141 is divided by 12769?
144
What is the remainder when 1628613 is divided by 797?
342
What is the remainder when 675587 is divided by 420?
227
Calculate the remainder when 3214548 is divided by 740.
728
Calculate the remainder when 353580 is divided by 3694.
2650
What is the remainder when 120517 is divided by 7088?
21
Calculate the remainder when 3960965 is divided by 4945.
20
What is the remainder when 72633 is divided by 23436?
2325
Calculate the remainder when 151487563 is divided by 224426.
13
What is the remainder when 308682 is divided by 821?
807
Calculate the remainder when 124822137 is divided by 2848.
2841
Calculate the remainder when 415524 is divided by 28.
4
What is the remainder when 97119286 is divided by 190?
26
What is the remainder when 10378147 is divided by 18?
13
What is the remainder when 25978093 is divided by 1528123?
2
Calculate the remainder when 123359 is divided by 4248.
167
Calculate the remainder when 243177 is divided by 8995.
312
What is the remainder when 2207739 is divided by 551918?
67
What is the remainder when 24816 is divided by 115?
91
Calculate the remainder when 36448207 is divided by 56.
47
Calculate the remainder when 11137508 is divided by 67500.
8
What is the remainder when 216247 is divided by 71985?
292
What is the remainder when 212567 is divided by 8856?
23
What is the remainder when 15534234 is divided by 31319?
10
What is the remainder when 52118 is divided by 1343?
1084
Calculate the remainder when 27446 is divided by 674.
486
Calculate the remainder when 56053395 is divided by 1148.
1147
Calculate the remainder when 1121399 is divided by 209.
114
Calculate the remainder when 12014363 is divided by 463.
439
Calculate the remainder when 196267 is divided by 1443.
19
Calculate the remainder when 29339 is divided by 1821.
203
What is the remainder when 107695 is divided by 1895?
1575
Calculate the remainder when 1646014 is divided by 898.
878
What is the remainder when 325027 is divided by 16237?
287
Calculate the remainder when 11849894 is divided by 27.
26
Calculate the remainder when 396247 is divided by 49529.
15
Calculate the remainder when 7590 is divided by 1793.
418
Calculate the remainder when 6200378 is divided by 1550084.
42
What is the remainder when 321037965 is divided by 24?
21
Calculate the remainder when 770196 is divided by 11076.
5952
Calculate the remainder when 24690290 is divided by 1665.
5
What is the remainder when 467576 is divided by 77663?
1598
What is the remainder when 625902 is divided by 312551?
800
What is the remainder when 12943843 is divided by 184912?
3
What is the remainder when 52081 is divided by 313?
123
Calculate the remainder when 1638506 is divided by 819251.
4
What is the remainder when 1371917 is divided by 274207?
882
Calculate the remainder when 19976 is divided by 9921.
134
What is the remainder when 24471360 is divided by 191182?
64
What is the remainder when 289709 is divided by 144836?
37
Calculate the remainder when 115039361 is divided by 35.
31
What is the remainder when 589582 is divided by 5039?
19
Calculate the remainder when 741685 is divided by 92678.
261
What is the remainder when 213157653 is divided by 72?
69
What is the remainder when 1068142 is divided by 140?
82
Calculate the remainder when 112001 is divided by 757.
722
What is the remainder when 15854665 is divided by 502?
501
Calculate the remainder when 139957906 is divided by 91.
88
What is the remainder when 8765730 is divided by 615?
135
What is the remainder when 13807921 is divided by 2323?
9
What is the remainder when 480246 is divided by 658?
564
Calculate the remainder when 83573 is divided by 1575.
98
Calculate the remainder when 845232 is divided by 764.
248
Calculate the remainder when 77939 is divided by 1035.
314
What is the remainder when 42871835 is divided by 4763537?
2
What is the remainder when 62158 is divided by 161?
12
What is the remainder when 5454950 is divided by 164?
146
Calculate the remainder when 117811 is divided by 29246.
827
Calculate the remainder when 15267990 is divided by 29.
12
What is the remainder when 242626492 is divided by 8017?
4
Calculate the remainder when 443589 is divided by 2054.
1979
What is the remainder when 71593 is divided by 258?
127
What is the remainder when 6637432 is divided by 32?
24
Calculate the remainder when 37437845 is divided by 28362.
5
What is the remainder when 6434414 is divided by 7660?
14
What is the remainder when 12445322 is divided by 759?
758
Calculate the remainder when 91291191 is divided by 10640.
10631
What is the remainder when 5834383 is divided by 2917171?
41
Calculate the remainder when 33159247 is divided by 25.
22
What is the remainder when 10306443 is divided by 266?
7
Calculate the remainder when 271858 is divided by 135925.
8
Calculate the remainder when 1714608 is divided by 521.
518
What is the remainder when 103213 is divided by 24490?
5253
Calculate the remainder when 1065036 is divided by 213007.
1
What is the remainder when 26822 is divided by 6021?
2738
What is the remainder when 1579903 is divided by 1245?
1243
What is the remainder when 40775125 is divided by 10193779?
9
What is the remainder when 141242547 is divided by 1913?
18
Calculate the remainder when 4966309 is divided by 252.
145
What is the remainder when 14391898 is divided by 2159?
4
Calculate the remainder when 517462 is divided by 12033.
43
Calculate the remainder when 64301601 is divided by 892.
889
What is the remainder when 14882 is divided by 4821?
419
Calculate the remainder when 270770 is divided by 3958.
1626
What is the remainder when 48497 is divided by 1051?
151
What is the remainder when 214055 is divided by 4459?
23
What is the remainder when 90826935 is divided by 510?
15
What is the remainder when 28263221 is divided by 513?
512
What is the remainder when 56831742 is divided by 14207934?
6
Calculate the remainder when 303618 is divided by 2372.
2
Calculate the remainder when 2104426 is divided by 57.
43
Calculate the remainder when 3519034 is divided by 1172937.
223
Calculate the remainder when 159604 is divided by 1899.
88
What is the remainder when 27094303 is divided by 304?
303
What is the remainder when 1575315 is divided by 1150?
965
What is the remainder when 10645633 is divided by 11?
9
What is the remainder when 17041 is divided by 5413?
802
What is the remainder when 227239529 is divided by 9606?
9599
Calculate the remainder when 2166693 is divided by 3258.
123
What is the remainder when 4175301 is divided by 1809?
129
Calculate the remainder when 28452083 is divided by 1266.
1265
Calculate the remainder when 589618 is divided by 1473.
418
Calculate the remainder when 3985246 is divided by 32.
30
What is the remainder when 7957829 is divided by 747?
3